{"id":13,"date":"2018-01-19T12:05:30","date_gmt":"2018-01-19T11:05:30","guid":{"rendered":"http:\/\/neu.atus-graz.com\/?page_id=13"},"modified":"2025-06-09T12:32:57","modified_gmt":"2025-06-09T10:32:57","slug":"der-verein","status":"publish","type":"page","link":"https:\/\/www.atus-graz.com\/index.php\/der-verein-uebersicht\/der-verein\/","title":{"rendered":"DER VEREIN"},"content":{"rendered":"\n<style type=\"text\/css\" data-created_by=\"avia_inline_auto\" id=\"style-css-av-eyxs9-16e3bb27f22fcb8f4588df7c4c3fc41d\">\n.avia-section.av-eyxs9-16e3bb27f22fcb8f4588df7c4c3fc41d{\nbackground-color:#000000;\nbackground-image:url(https:\/\/www.atus-graz.com\/wp-content\/uploads\/2018\/01\/atus-graz.jpg);\nbackground-repeat:no-repeat;\nbackground-position:50% 100%;\nbackground-attachment:scroll;\n}\n<\/style>\n<div id='av_section_1'  class='avia-section av-eyxs9-16e3bb27f22fcb8f4588df7c4c3fc41d main_color avia-section-default avia-no-border-styling  avia-builder-el-0  el_before_av_section  avia-builder-el-first  avia-full-stretch avia-bg-style-scroll container_wrap sidebar_right'  data-section-bg-repeat='stretch'><div class='container av-section-cont-open' ><main  role=\"main\" itemprop=\"mainContentOfPage\"  class='template-page content  av-content-small alpha units'><div class='post-entry post-entry-type-page post-entry-13'><div class='entry-content-wrapper clearfix'>\n\n<style type=\"text\/css\" data-created_by=\"avia_inline_auto\" id=\"style-css-av-ekvrl-58d5984e18a4db66eab536379cdcb00d\">\n#top .av-special-heading.av-ekvrl-58d5984e18a4db66eab536379cdcb00d{\npadding-bottom:40px;\ncolor:#ffffff;\nfont-size:42px;\n}\nbody .av-special-heading.av-ekvrl-58d5984e18a4db66eab536379cdcb00d .av-special-heading-tag .heading-char{\nfont-size:25px;\n}\n#top #wrap_all .av-special-heading.av-ekvrl-58d5984e18a4db66eab536379cdcb00d .av-special-heading-tag{\nfont-size:42px;\n}\n.av-special-heading.av-ekvrl-58d5984e18a4db66eab536379cdcb00d .special-heading-inner-border{\nborder-color:#ffffff;\n}\n.av-special-heading.av-ekvrl-58d5984e18a4db66eab536379cdcb00d .av-subheading{\nfont-size:20px;\n}\n\n@media only screen and (min-width: 480px) and (max-width: 767px){ \n#top #wrap_all .av-special-heading.av-ekvrl-58d5984e18a4db66eab536379cdcb00d .av-special-heading-tag{\nfont-size:0.8em;\n}\n}\n\n@media only screen and (max-width: 479px){ \n#top #wrap_all .av-special-heading.av-ekvrl-58d5984e18a4db66eab536379cdcb00d .av-special-heading-tag{\nfont-size:0.8em;\n}\n}\n<\/style>\n<div  class='av-special-heading av-ekvrl-58d5984e18a4db66eab536379cdcb00d av-special-heading-h2 custom-color-heading blockquote modern-quote  avia-builder-el-1  avia-builder-el-no-sibling  av-inherit-size'><h2 class='av-special-heading-tag'  itemprop=\"headline\"  >ATUS Graz<\/h2><div class='av_custom_color av-subheading av-subheading_below'><p>Unser Ziel ist es Kindern, Jugendlichen und Erwachsenen Freude am Sport zu vermitteln.<\/p>\n<\/div><div class=\"special-heading-border\"><div class=\"special-heading-inner-border\"><\/div><\/div><\/div>\n\n<\/div><\/div><\/main><!-- close content main element --><\/div><\/div><div id='av_section_2'  class='avia-section av-dxpw5-0e01d752a78f8ad0ab942de05d205b1c main_color avia-section-large avia-no-border-styling  avia-builder-el-2  el_after_av_section  el_before_av_section  avia-bg-style-scroll container_wrap sidebar_right'  ><div class='container av-section-cont-open' ><div class='template-page content  av-content-small alpha units'><div class='post-entry post-entry-type-page post-entry-13'><div class='entry-content-wrapper clearfix'>\n<div class='flex_column_table av-ddjyt-aad2ed5ffb98282ce7e2bd22fd8c4ece sc-av_one_half av-equal-height-column-flextable'>\n<style type=\"text\/css\" data-created_by=\"avia_inline_auto\" id=\"style-css-av-ddjyt-aad2ed5ffb98282ce7e2bd22fd8c4ece\">\n.flex_column.av-ddjyt-aad2ed5ffb98282ce7e2bd22fd8c4ece{\n-webkit-border-radius:0px 0px 0px 0px;\n-moz-border-radius:0px 0px 0px 0px;\nborder-radius:0px 0px 0px 0px;\npadding:30px 30px 30px 30px;\nbackground-color:#f4f4f4;\n}\n<\/style>\n<div class='flex_column av-ddjyt-aad2ed5ffb98282ce7e2bd22fd8c4ece av_one_half  avia-builder-el-3  el_before_av_one_half  avia-builder-el-first  first flex_column_table_cell av-equal-height-column av-align-top '     ><style type=\"text\/css\" data-created_by=\"avia_inline_auto\" id=\"style-css-av-cwtf5-de19434c01f8b2642fffcd0086e453f7\">\n#top .av_textblock_section.av-cwtf5-de19434c01f8b2642fffcd0086e453f7 .avia_textblock{\ncolor:#0a0a0a;\n}\n<\/style>\n<section  class='av_textblock_section av-cwtf5-de19434c01f8b2642fffcd0086e453f7'  itemscope=\"itemscope\" itemtype=\"https:\/\/schema.org\/CreativeWork\" ><div class='avia_textblock av_inherit_color'  itemprop=\"text\" ><h3 style=\"text-align: left;\">Geschichte des Vereins<\/h3>\n<p>Der ATUS-Graz wurde am 21.M\u00e4rz 1904 unter dem Namen Arbeiterturnverein &#8222;Freiheit&#8220;, als Sammelbecken der sportbegeisterten Arbeiterjugend im Raum Graz, gegr\u00fcndet. Mit dem Entstehen der Zweiten Republik im Jahr 1945 und der Aufhebung des Vereinsverbotes (1934-1945) wurde der Turn- und Sportbetrieb des ATUS-Graz sofort wiederaufgenommen. Dabei wuchs der ATUS-Graz mit den Jahren zu einem der gr\u00f6\u00dften Allround-Vereine der Steiermark.<\/p>\n<div style=\"text-align: center;\"><\/div>\n<\/div><\/section><\/div><div class='av-flex-placeholder'><\/div>\n<style type=\"text\/css\" data-created_by=\"avia_inline_auto\" id=\"style-css-av-c1a8h-742c715c7c90040fbd905adc7d830ce6\">\n.flex_column.av-c1a8h-742c715c7c90040fbd905adc7d830ce6{\n-webkit-border-radius:0px 0px 0px 0px;\n-moz-border-radius:0px 0px 0px 0px;\nborder-radius:0px 0px 0px 0px;\npadding:30px 30px 30px 30px;\nbackground-color:#f4f4f4;\n}\n<\/style>\n<div class='flex_column av-c1a8h-742c715c7c90040fbd905adc7d830ce6 av_one_half  avia-builder-el-5  el_after_av_one_half  el_before_av_hr  flex_column_table_cell av-equal-height-column av-align-top '     ><style type=\"text\/css\" data-created_by=\"avia_inline_auto\" id=\"style-css-av-16g3h-771bd823b1fbfd91f23fe68c809bf83a\">\n#top .av_textblock_section.av-16g3h-771bd823b1fbfd91f23fe68c809bf83a .avia_textblock{\ncolor:#0a0a0a;\n}\n<\/style>\n<section  class='av_textblock_section av-16g3h-771bd823b1fbfd91f23fe68c809bf83a'  itemscope=\"itemscope\" itemtype=\"https:\/\/schema.org\/CreativeWork\" ><div class='avia_textblock av_inherit_color'  itemprop=\"text\" ><h3 style=\"text-align: left;\">Unsere Ziele<\/h3>\n<p>Unser Ziel ist es Kindern, Jugendlichen und Erwachsenen Freude am Sport zu vermitteln. Durch unser umfassendes Sportangebot an unterschiedlichen Trainingsorten ist es m\u00f6glich, Sport f\u00fcr alle Altersgruppen anzubieten. Zus\u00e4tzlich bieten wir die M\u00f6glichkeit leistungsorientierte Sportler zu f\u00f6rdern und zum Spitzensport heranzuf\u00fchren. Durch konsequente erfolgreiche Trainingsarbeit gelangen ATUS Graz Athleten zum Spitzensport, bis hin zur Teilnahme an Olympischen Spielen.<\/p>\n<div style=\"text-align: center;\"><\/div>\n<\/div><\/section><\/div><\/div><!--close column table wrapper. Autoclose: 1 -->\n<style type=\"text\/css\" data-created_by=\"avia_inline_auto\" id=\"style-css-av-b8w39-d1028d4092709476c261a95947b5b9d1\">\n#top .hr.hr-invisible.av-b8w39-d1028d4092709476c261a95947b5b9d1{\nheight:50px;\n}\n<\/style>\n<div  class='hr av-b8w39-d1028d4092709476c261a95947b5b9d1 hr-invisible  avia-builder-el-7  el_after_av_one_half  el_before_av_one_third '><span class='hr-inner '><span class=\"hr-inner-style\"><\/span><\/span><\/div>\n<div class='flex_column_table av-ajvux-5ae2465bd15ff94b8214682aeb19dbb0 sc-av_one_third av-equal-height-column-flextable'>\n<style type=\"text\/css\" data-created_by=\"avia_inline_auto\" id=\"style-css-av-ajvux-5ae2465bd15ff94b8214682aeb19dbb0\">\n.flex_column.av-ajvux-5ae2465bd15ff94b8214682aeb19dbb0{\n-webkit-border-radius:0px 0px 0px 0px;\n-moz-border-radius:0px 0px 0px 0px;\nborder-radius:0px 0px 0px 0px;\npadding:30px 30px 30px 30px;\nbackground-color:#f4f4f4;\n}\n<\/style>\n<div class='flex_column av-ajvux-5ae2465bd15ff94b8214682aeb19dbb0 av_one_third  avia-builder-el-8  el_after_av_hr  el_before_av_one_third  first flex_column_table_cell av-equal-height-column av-align-top '     ><style type=\"text\/css\" data-created_by=\"avia_inline_auto\" id=\"style-css-av-9wvjh-0c843fb5233b475b03535531680f7d7a\">\n#top .av_textblock_section.av-9wvjh-0c843fb5233b475b03535531680f7d7a .avia_textblock{\ncolor:#0a0a0a;\n}\n<\/style>\n<section  class='av_textblock_section av-9wvjh-0c843fb5233b475b03535531680f7d7a'  itemscope=\"itemscope\" itemtype=\"https:\/\/schema.org\/CreativeWork\" ><div class='avia_textblock av_inherit_color'  itemprop=\"text\" ><h3>Downloads<\/h3>\n<p><a href=\"https:\/\/www.atus-graz.com\/wp-content\/uploads\/2024\/05\/BEITRITTSERKLAERUNG_ATUS.pdf\" target=\"_blank\" rel=\"noopener\">Beitrittserkl\u00e4rung<\/a><\/p>\n<p><a href=\"https:\/\/www.atus-graz.com\/wp-content\/uploads\/2024\/05\/Statuten_ATUS-Graz_2024.pdf\" target=\"_blank\" rel=\"noopener\">Statuten ATUS-Graz<\/a><\/p>\n<p><a href=\"http:\/\/www.atus-graz.com\/wp-content\/uploads\/2019\/04\/Vereinsregisterauszug.pdf\" target=\"_blank\" rel=\"noopener\">ZVR ATUS Graz 2019-04-15<\/a><\/p>\n<p><a href=\"http:\/\/www.atus-graz.com\/wp-content\/uploads\/2018\/01\/Vorstand-ATUS-Graz-1.4.2016-1.pdf\" target=\"_blank\" rel=\"noopener\">Vorstand ATUS Graz 2016-04-01<\/a><\/p>\n<div><\/div>\n<div style=\"text-align: center;\"><\/div>\n<\/div><\/section><\/div><div class='av-flex-placeholder'><\/div>\n<style type=\"text\/css\" data-created_by=\"avia_inline_auto\" id=\"style-css-av-99o4h-b85e9b3410f974ef1cf07fd8486be4cd\">\n.flex_column.av-99o4h-b85e9b3410f974ef1cf07fd8486be4cd{\n-webkit-border-radius:0px 0px 0px 0px;\n-moz-border-radius:0px 0px 0px 0px;\nborder-radius:0px 0px 0px 0px;\npadding:30px 30px 15px 30px;\nbackground-color:#f4f4f4;\n}\n<\/style>\n<div class='flex_column av-99o4h-b85e9b3410f974ef1cf07fd8486be4cd av_one_third  avia-builder-el-10  el_after_av_one_third  el_before_av_one_third  flex_column_table_cell av-equal-height-column av-align-top '     ><style type=\"text\/css\" data-created_by=\"avia_inline_auto\" id=\"style-css-av-8m2qp-357d01fb96b00aa9b86b04ea835d292b\">\n#top .av_textblock_section.av-8m2qp-357d01fb96b00aa9b86b04ea835d292b .avia_textblock{\ncolor:#0a0a0a;\n}\n<\/style>\n<section  class='av_textblock_section av-8m2qp-357d01fb96b00aa9b86b04ea835d292b'  itemscope=\"itemscope\" itemtype=\"https:\/\/schema.org\/CreativeWork\" ><div class='avia_textblock av_inherit_color'  itemprop=\"text\" ><h3 style=\"text-align: left;\">Logo<\/h3>\n<div style=\"text-align: center;\"><img decoding=\"async\" src=\"https:\/\/www.atus-graz.com\/wp-content\/uploads\/2018\/03\/atus-graz-web-logo.jpg\" \/><\/div>\n<\/div><\/section><\/div><div class='av-flex-placeholder'><\/div>\n<style type=\"text\/css\" data-created_by=\"avia_inline_auto\" id=\"style-css-av-7ydt5-297c12af681656a0f6053027718c7ed3\">\n.flex_column.av-7ydt5-297c12af681656a0f6053027718c7ed3{\n-webkit-border-radius:0px 0px 0px 0px;\n-moz-border-radius:0px 0px 0px 0px;\nborder-radius:0px 0px 0px 0px;\npadding:30px 30px 15px 30px;\nbackground-color:#f4f4f4;\n}\n<\/style>\n<div class='flex_column av-7ydt5-297c12af681656a0f6053027718c7ed3 av_one_third  avia-builder-el-12  el_after_av_one_third  avia-builder-el-last  flex_column_table_cell av-equal-height-column av-align-top '     ><style type=\"text\/css\" data-created_by=\"avia_inline_auto\" id=\"style-css-av-7kpwt-0749f67cbbb27e01a63a5ac5876efbda\">\n#top .av_textblock_section.av-7kpwt-0749f67cbbb27e01a63a5ac5876efbda .avia_textblock{\ncolor:#0a0a0a;\n}\n<\/style>\n<section  class='av_textblock_section av-7kpwt-0749f67cbbb27e01a63a5ac5876efbda'  itemscope=\"itemscope\" itemtype=\"https:\/\/schema.org\/CreativeWork\" ><div class='avia_textblock av_inherit_color'  itemprop=\"text\" ><h3>Auszeichnung<\/h3>\n<p><img loading=\"lazy\" decoding=\"async\" src=\"http:\/\/atus-graz.com\/wp-content\/uploads\/2018\/01\/Qualitaetssiegel-Logo-web-300x293.png\" alt=\"\" width=\"151\" height=\"147\" \/><\/p>\n<div style=\"text-align: center;\"><\/div>\n<\/div><\/section><\/div><\/div><!--close column table wrapper. Autoclose: 1 -->\n\n<\/div><\/div><\/div><!-- close content main div --><\/div><\/div>\n<style type=\"text\/css\" data-created_by=\"avia_inline_auto\" id=\"style-css-av-p33h-b6d1e97b7771e975bf00908797001712\">\n.avia-section.av-p33h-b6d1e97b7771e975bf00908797001712{\nbackground-color:#eaeaea;\nbackground-image:unset;\n}\n<\/style>\n<div id='av_section_3'  class='avia-section av-p33h-b6d1e97b7771e975bf00908797001712 main_color avia-section-default avia-border-extra-arrow-down avia-no-border-styling  avia-builder-el-14  el_after_av_section  avia-builder-el-last  avia-bg-style-scroll container_wrap sidebar_right'  ><div class='container av-section-cont-open' ><div class='template-page content  av-content-small alpha units'><div class='post-entry post-entry-type-page post-entry-13'><div class='entry-content-wrapper clearfix'>\n<div class='flex_column av-652f5-f4bd2dc33b4fc3f2429a439936f4254f av_one_fifth  avia-builder-el-15  el_before_av_one_fifth  avia-builder-el-first  first flex_column_div '     ><div  class=\"avia-animated-number av-5kshd-840550793a08a8b8ef910b06675f233c av-force-default-color avia_animate_when_visible  avia-builder-el-16  avia-builder-el-no-sibling  \" data-timer=\"3000\"><strong class=\"heading avia-animated-number-title\"><span class=\"avia-single-number __av-single-number\" data-number_format=\"\" data-number=\"624\" data-start_from=\"0\">624<\/span><\/strong><div class=\"avia-animated-number-content\"><p>Mitglieder<\/p>\n<\/div><\/div><\/div>\n<style type=\"text\/css\" data-created_by=\"avia_inline_auto\" id=\"style-css-av-59y4l-c93cfe4b78e4f588be41c5c5ffe0e1e3\">\n.flex_column.av-59y4l-c93cfe4b78e4f588be41c5c5ffe0e1e3{\n-webkit-border-radius:0px 0px 0px 0px;\n-moz-border-radius:0px 0px 0px 0px;\nborder-radius:0px 0px 0px 0px;\npadding:0px 0px 0px 0px;\n}\n<\/style>\n<div class='flex_column av-59y4l-c93cfe4b78e4f588be41c5c5ffe0e1e3 av_one_fifth  avia-builder-el-17  el_after_av_one_fifth  el_before_av_one_fifth  flex_column_div av-zero-column-padding '     ><div  class=\"avia-animated-number av-4r921-974ab81276c9c01e2c456d203555b86f av-force-default-color avia_animate_when_visible  avia-builder-el-18  avia-builder-el-no-sibling  \" data-timer=\"3000\"><strong class=\"heading avia-animated-number-title\"><span class=\"avia-single-number __av-single-number\" data-number_format=\"\" data-number=\"1383\" data-start_from=\"0\">1383<\/span><span class=\"avia-no-number\"> km<\/span><\/strong><div class=\"avia-animated-number-content\"><p>Schwimmen pro Woche<\/p>\n<\/div><\/div><\/div>\n<style type=\"text\/css\" data-created_by=\"avia_inline_auto\" id=\"style-css-av-3yfv5-bb51408ad53837b9f6ed90e5e757768b\">\n.flex_column.av-3yfv5-bb51408ad53837b9f6ed90e5e757768b{\n-webkit-border-radius:0px 0px 0px 0px;\n-moz-border-radius:0px 0px 0px 0px;\nborder-radius:0px 0px 0px 0px;\npadding:0px 0px 0px 0px;\n}\n<\/style>\n<div class='flex_column av-3yfv5-bb51408ad53837b9f6ed90e5e757768b av_one_fifth  avia-builder-el-19  el_after_av_one_fifth  el_before_av_one_fifth  flex_column_div av-zero-column-padding '     ><div  class=\"avia-animated-number av-326ah-92f33904538c84de02249fc0918cde84 av-force-default-color avia_animate_when_visible  avia-builder-el-20  avia-builder-el-no-sibling  \" data-timer=\"3000\"><strong class=\"heading avia-animated-number-title\"><span class=\"avia-single-number __av-single-number\" data-number_format=\"\" data-number=\"52\" data-start_from=\"0\">52<\/span><span class=\"avia-no-number\"> h<\/span><\/strong><div class=\"avia-animated-number-content\"><p>Sportangebot pro Woche<\/p>\n<\/div><\/div><\/div>\n<style type=\"text\/css\" data-created_by=\"avia_inline_auto\" id=\"style-css-av-2hf81-cec4d30825a8cc31d95e9e756f2a9128\">\n.flex_column.av-2hf81-cec4d30825a8cc31d95e9e756f2a9128{\n-webkit-border-radius:0px 0px 0px 0px;\n-moz-border-radius:0px 0px 0px 0px;\nborder-radius:0px 0px 0px 0px;\npadding:0px 0px 0px 0px;\n}\n<\/style>\n<div class='flex_column av-2hf81-cec4d30825a8cc31d95e9e756f2a9128 av_one_fifth  avia-builder-el-21  el_after_av_one_fifth  el_before_av_one_fifth  flex_column_div av-zero-column-padding '     ><div  class=\"avia-animated-number av-26dgl-b69a28597dd213e770c486ae604c2299 av-force-default-color avia_animate_when_visible  avia-builder-el-22  avia-builder-el-no-sibling  \" data-timer=\"3000\"><strong class=\"heading avia-animated-number-title\"><span class=\"avia-single-number __av-single-number\" data-number_format=\"\" data-number=\"28\" data-start_from=\"0\">28<\/span><\/strong><div class=\"avia-animated-number-content\"><p>Wettk\u00e4mpfe pro Jahr<\/p>\n<\/div><\/div><\/div>\n<style type=\"text\/css\" data-created_by=\"avia_inline_auto\" id=\"style-css-av-1nm5h-b390b1391a7146640218bbc25a4c8f8c\">\n.flex_column.av-1nm5h-b390b1391a7146640218bbc25a4c8f8c{\n-webkit-border-radius:0px 0px 0px 0px;\n-moz-border-radius:0px 0px 0px 0px;\nborder-radius:0px 0px 0px 0px;\npadding:0px 0px 0px 0px;\n}\n<\/style>\n<div class='flex_column av-1nm5h-b390b1391a7146640218bbc25a4c8f8c av_one_fifth  avia-builder-el-23  el_after_av_one_fifth  avia-builder-el-last  flex_column_div av-zero-column-padding '     ><div  class=\"avia-animated-number av-snex-c75526bc2775a61eea27241e4e2647d6 av-force-default-color avia_animate_when_visible  avia-builder-el-24  avia-builder-el-no-sibling  \" data-timer=\"3000\"><strong class=\"heading avia-animated-number-title\"><span class=\"avia-single-number __av-single-number\" data-number_format=\"\" data-number=\"3548\" data-start_from=\"0\">3548<\/span><\/strong><div class=\"avia-animated-number-content\"><p>Medaillen<\/p>\n<\/div><\/div><\/div><\/div><\/div><\/div><!-- close content main div --><\/div><\/div><div id='after_section_3'  class='main_color av_default_container_wrap container_wrap sidebar_right'  ><div class='container av-section-cont-open' ><div class='template-page content  av-content-small alpha units'><div class='post-entry post-entry-type-page post-entry-13'><div class='entry-content-wrapper clearfix'>\n","protected":false},"excerpt":{"rendered":"","protected":false},"author":1,"featured_media":0,"parent":9,"menu_order":0,"comment_status":"closed","ping_status":"closed","template":"","meta":{"footnotes":""},"class_list":["post-13","page","type-page","status-publish","hentry"],"_links":{"self":[{"href":"https:\/\/www.atus-graz.com\/index.php\/wp-json\/wp\/v2\/pages\/13","targetHints":{"allow":["GET"]}}],"collection":[{"href":"https:\/\/www.atus-graz.com\/index.php\/wp-json\/wp\/v2\/pages"}],"about":[{"href":"https:\/\/www.atus-graz.com\/index.php\/wp-json\/wp\/v2\/types\/page"}],"author":[{"embeddable":true,"href":"https:\/\/www.atus-graz.com\/index.php\/wp-json\/wp\/v2\/users\/1"}],"replies":[{"embeddable":true,"href":"https:\/\/www.atus-graz.com\/index.php\/wp-json\/wp\/v2\/comments?post=13"}],"version-history":[{"count":16,"href":"https:\/\/www.atus-graz.com\/index.php\/wp-json\/wp\/v2\/pages\/13\/revisions"}],"predecessor-version":[{"id":2800,"href":"https:\/\/www.atus-graz.com\/index.php\/wp-json\/wp\/v2\/pages\/13\/revisions\/2800"}],"up":[{"embeddable":true,"href":"https:\/\/www.atus-graz.com\/index.php\/wp-json\/wp\/v2\/pages\/9"}],"wp:attachment":[{"href":"https:\/\/www.atus-graz.com\/index.php\/wp-json\/wp\/v2\/media?parent=13"}],"curies":[{"name":"wp","href":"https:\/\/api.w.org\/{rel}","templated":true}]}}